 Give o(2).
19
Let l(r) = r**3 - 9*r**2 + 11*r + 33. Determine l(6).
-9
Let q(p) = p**3 - 2*p**2 - 4*p - 3. Calculate q(0).
-3
Let q(l) = -l**2 - l + 30. Calculate q(5).
0
Let b(d) = d**2 + 8*d - 171. Give b(-18).
9
Let p(i) = i**3 - 7*i**2 - 5*i + 3. Calculate p(8).
27
Let u(k) = -k**3 - 6*k**2 - 9*k - 5. Give u(-4).
-1
Let o(l) = l**3 - 21*l**2 - 21*l - 15. Give o(22).
7
Let b(j) = -j**3 - 12*j**2 - 16*j + 13. Give b(-10).
-27
Let o(w) = w**3 - 5*w**2 + 5*w. Calculate o(2).
-2
Let p(x) = -x**3 + 30*x**2 + 30*x - 1. Determine p(31).
-32
Let p(s) = -16*s - 16. What is p(-6)?
80
Let z(c) = -c**3 - 26*c**2 + c + 17. What is z(-26)?
-9
Let y(g) = -2*g**2 + 11*g + 61. What is y(9)?
-2
Let w(y) = y**2 - 11*y + 17. Determine w(9).
-1
Let z(a) = a**3 + 2*a**2 + 2*a - 1. What is z(-1)?
-2
Let j(u) = -11*u + 6. Determine j(6).
-60
Let k(n) = -2*n + 19. Determine k(-5).
29
Let m(l) = -14*l - 200. Give m(-14).
-4
Let u(q) = 37*q - 11. Give u(1).
26
Let n(j) = -j**3 + 6*j**2 - 9*j + 13. Calculate n(4).
9
Let h(c) = 5*c**2 + 4*c + 1. Calculate h(-1).
2
Let c(s) = -9*s**2 + 20*s - 39. Give c(3).
-60
Let j(p) = 3*p**3 - 24*p**2 - 4*p + 28. What is j(8)?
-4
Let y(z) = 9*z - 93. What is y(13)?
24
Let g(z) = -175*z + 518. Calculate g(3).
-7
Let l(t) = t - 4. Determine l(-5).
-9
Let t(f) = -f**3 - 11*f**2 - f + 84. Calculate t(-10).
-6
Let h(a) = a + 15. Determine h(-5).
10
Let m(g) = -3*g - 13. What is m(0)?
-13
Let x(z) = -z - 10. Calculate x(9).
-19
Let l(t) = t**3 - t**2 - 3. Calculate l(3).
15
Let z(l) = -4*l. What is z(-2)?
8
Let c(l) = l**2 - l - 9. Determine c(-4).
11
Let r(p) = -p**2 + 11*p + 10. Determine r(9).
28
Let w(u) = -u**3 + 8*u**2 - 19*u + 21. Determine w(3).
9
Let b(g) = 7*g + 11. Calculate b(-2).
-3
Let c(l) = -l**2 + 13*l - 3. Give c(5).
37
Let d(h) = 2*h**2 + 31*h - 15. Give d(-16).
1
Let c(x) = x**3 + 2*x**2 - 5*x - 1. What is c(-5)?
-51
Let y(n) = n**2 + 2*n + 2. What is y(-4)?
10
Let b(p) = -29*p + 221. Determine b(8).
-11
Let w(u) = 15*u + 469. Calculate w(-31).
4
Let y(v) = -2*v**2 - 2*v - 2. Give y(4).
-42
Let z(c) = -2*c - 24. Calculate z(-16).
8
Let i(q) = -q**2 + 5*q - 7. What is i(4)?
-3
Let n(t) = t**3 + 9*t**2 + 2*t - 10. What is n(-8)?
38
Let y(h) = 2*h + 12. Calculate y(-8).
-4
Let h(z) = -7*z + 295. Give h(42).
1
Let q(u) = -9*u. Determine q(1).
-9
Let u(j) = 2*j - 10. Determine u(3).
-4
Let p(k) = 2*k**3 - 3*k**2 + 4*k + 2. Calculate p(2).
14
Let b(t) = -t**2 + 8*t - 10. Give b(4).
6
Let w(d) = d**3 + 5*d**2 + 16*d + 50. Give w(-4).
2
Let m(a) = 2*a**2 + 31*a + 17. Calculate m(-13).
-48
Let k(j) = -j**3 + 14*j**2 + 3*j - 40. Calculate k(14).
2
Let n(j) = -4*j**2 + 2*j + 29. Give n(0).
29
Let u(l) = l - 1. What is u(4)?
3
Let g(q) = -q. Determine g(14).
-14
Let x(v) = v**3 + 20*v**2 - 24*v - 49. Give x(-21).
14
Let g(f) = -3*f**2 - 1. Calculate g(-3).
-28
Let f(o) = o - 9. Determine f(-8).
-17
Let l(o) = -4*o**2 - 6*o + 26. Give l(3).
-28
Let p(x) = -x**3 - x**2 - x + 36. Give p(0).
36
Let m(g) = 2*g**2 + 3*g - 6. What is m(5)?
59
Let f(c) = 2*c - 5. Calculate f(5).
5
Let r(c) = -11*c**3 + c + 1. Calculate r(-1).
11
Let l(n) = n**3 - n**2 + n + 37. Determine l(0).
37
Let o(q) = q**3 + 9*q**2 + 4*q + 10. Give o(-9).
-26
Let o(d) = -d - 1. Calculate o(-13).
12
Let x(n) = -n**3 - 75*n**2 - 350*n + 1. Determine x(-70).
1
Let s(x) = x - 5. What is s(-5)?
-10
Let s(l) = -3*l - 19. Determine s(-8).
5
Let b(s) = -10*s**2 - 35*s - 10. What is b(-5)?
-85
Let p(l) = -2*l + 7. Determine p(-6).
19
Let v(n) = 155*n - 4. What is v(0)?
-4
Let a(x) = -x**2 - 39*x + 78. What is a(-41)?
-4
Let h(d) = -8*d + 3. Give h(7).
-53
Let q(z) = -z**2 + 11*z + 28. Determine q(13).
2
Let h(y) = -6*y + 18. Give h(-15).
108
Let a(h) = h**3 + 5*h**2 + 4*h. Determine a(-4).
0
Let v(i) = 4*i**3 + 2*i. What is v(-2)?
-36
Let i(u) = -u**3 - 8*u**2 - 8*u + 2. Calculate i(-6).
-22
Let o(k) = k - 12. Determine o(6).
-6
Let l(i) = 2*i + 2. Determine l(0).
2
Let q(v) = 2*v - 10. Determine q(0).
-10
Let m(j) = 35*j + 109. Calculate m(-3).
4
Let s(d) = d**2 + 15*d - 21. What is s(-16)?
-5
Let z(o) = -15*o - 175. Give z(-10).
-25
Let o(t) = -4*t + 323. Calculate o(79).
7
Let x(f) = -2*f + 4. Calculate x(9).
-14
Let i(y) = y**2 - 3*y + 7. Determine i(2).
5
Let h(c) = -c**3 - 22*c**2 - 12*c + 130. Give h(-21).
-59
Let k(l) = -2*l + 46. What is k(20)?
6
Let p(f) = -3*f**2 + 127*f - 142. Determine p(41).
22
Let o(z) = z**3 - 10*z**2 - 15*z + 55. Calculate o(11).
11
Let r(w) = -w**3 + 7*w**2 + 2*w - 6. Give r(7).
8
Let i(f) = 15*f - 9. What is i(2)?
21
Let l(p) = -p**3 + 35*p**2 - 36*p + 64. Give l(34).
-4
Let g(o) = -o**3 + 4*o**2 - o. Give g(2).
6
Let v(m) = -70*m - 205. Calculate v(-3).
5
Let l(n) = 6*n**2 + 3*n - 6. Calculate l(4).
102
Let p(t) = -t**3 + 17*t**2 - 15*t - 37. Determine p(16).
-21
Let v(r) = -11*r**3 + 2*r**2 - 3*r - 5. Calculate v(-1).
11
Let v(k) = -7*k + 1. What is v(-2)?
15
Let f(r) = -36*r + 155. Determine f(4).
11
Let i(u) = u**2 + 4*u - 1. What is i(-7)?
20
Let q(n) = -n**2 + n + 9. Give q(-4).
-11
Let c(q) = -q**3 + 5*q**2 - q - 1. Calculate c(2).
9
Let n(m) = m - 2. Determine n(10).
8
Let k(g) = -g**3 + 4*g**2 + 4*g - 19. Determine k(3).
2
Let a(c) = c**2 - 2*c - 27. Calculate a(-8).
53
Let z(r) = 116*r + 350. Give z(-3).
2
Let q(s) = -2*s + 28. What is q(9)?
10
Let q(d) = -d**2 - 9*d + 9. Determine q(-10).
-1
Let v(n) = -n + 45. Give v(18).
27
Let x(j) = 39*j**3 + j**2 + 2*j + 1. What is x(-1)?
-39
Let r(g) = g**3 - 8*g**2 + 8*g + 4. What is r(6)?
-20
Let d(v) = -30*v**3 - v**2 + 2*v - 1. Determine d(1).
-30
Let p(g) = -2*g + 12. What is p(3)?
6
Let r(x) = -6*x - 10. Give r(-2).
2
Let g(r) = r**3 - 7*r**2 + 3*r - 12. Calculate g(5).
-47
Let t(w) = 8*w**2 - 3*w + 2. Calculate t(1).
7
Let k(x) = x**3 - 9*x**2 - 27*x + 25. Give k(11).
-30
Let y(u) = u**3 + 5*u**2 + 23*u + 44. Give y(-3).
-7
Let p(w) = -12*w + 461. Determine p(38).
5
Let n(o) = 14*o**2 - 4*o - 5. Calculate n(-1).
13
Let b(f) = f**3 - 6*f**2 + 4*f - 2. Give b(2).
-10
Let s(t) = -t**2 - 7*t + 152. Calculate s(9).
8
Let g(y) = -57*y + 461. Calculate g(8).
5
Let g(n) = -n**3 + 14*n**2 + 2*n + 485. Calculate g(16).
5
Let r(k) = 5*k**2 - 11*k + 6. Calculate r(3).
18
Let c(a) = a**2 + 5*a + 6. Give c(-3).
0
Let c(x) = -x**2 + 2*x + 57. Calculate c(0).
57
Let s(x) = -2*x**2 + 7*x + 12. Determine s(7).
-37
Let a(c) = -18*c + 1. Determine a(2).
-35
Let l(d) = d**2 + 6*d. Calculate l(-7).
7
Let k(a) = 2*a - 13. What is k(10)?
7
Let s(f) = -3*f - 1. Determine s(2).
-7
Let w(k) = -2*k**3 + 82*k**2 - 79*k - 36. Give w(40).
4
Let h(y) = -y**3 + y**2 + 4*y - 3. Calculate h(3).
-9
Let v(i) = -i**3 + 7*i**2 - 8*i - 16. What is v(5)?
-6
Let z(w) = -w**3 + 6*w**2 + 5*w - 46. Determine z(5).
4
Let g(a) = 3*a + 9. Give g(-10).
-21
Let b(p) = p**3 - p**2 + 4. What is b(-2)?
-8
Let m(w) = -w**2 + 9*w + 6. Calculate m(7).
20
Let q(c) = -2*c**2 - 2*c + 1. Give q(-3).
-11
Let x(q) = -q**3 + 6*q**2 + 13*q + 6. Determine x(7).
48
Let h(f) = -8*f + 8. Give h(3).
-16
Let k(i) = i**2 + 8*i + 4. Determine k(-9).
13
Let i(j) = -j**3 + 3*j**2 + 8*j - 6. Give i(5).
-16
Let g(m) = -m - 4. Give g(4).
-8
Let j(i) = -i**2 - 16*i + 60. Determine j(-19).
3
Let x(g) = 11*g + 138. Give x(-14).
-16
Let d(r) = r**3 + 7*r**2 - 8. Calculate d(-7).
-8
Let z(o) = -8*o - 20. Determine z(-10).
60
Let s(p) = -31*p - 8. Give s(0).
-8
Let t(y) = 37*y - 138. Give t(4).
10
Let l(j) = -j**3 - 7*j**2 - 5*j - 2. Calculate l(-6).
-8
Let l(g) = g**2 + 35*g - 237. Give l(-41).
9
Let d(b) = -b**3 - 9*b**2 + 7*b + 5. Give d(-10).
35
Let v(z) = -2*z**3 - 6*z**2 + 5*z - 1. Determine v(3).
-94
Let i(o) = -8*o - 185. Give i(-23).
-1
Let u(f) = f**2 + 9*f + 3. What is u(-8)?
-5
Let j(x) = x**3 - 53*x**2 - 109*x - 51. What is j(55)?
4
Let a(g) = -6*g + 32. Determine a(6).
-4
Let f(m) = 2*m - 69. Calculate f(31).
-7
Let w(v) = 6*v - 10. Determine w(7).
32
Let y(i) = -2*i**2 - 16*i + 3. Give y(-4).
35
Let j(d) = d**2 + 16*d - 31. Determine j(-17).
-14
Let w(a) = -9*a**3 + a**2 + a + 5. What is w(2)?
-61
Let d(c) = -c**2 + 24. Determine d(0).
24
Let s(n) = 7*n**2 - 128*n + 40. What is s(18)?
4
Let k(d) = d**2 + 7*d + 5. Calculate k(-7).
5
Let t(u) = -3*u**3 - 4*u**2 - 7*u - 4. Give t(-2).
18
Let u(j) = 3*j**2 + 34*j - 1. Give u(-11).
-12
Let i(u) = u